2 + 2092*s**2. What is w(20)?
-11
Let k = 7402 - 7402. Let g(p) = -3*p - 16. Let t(i) = -2*i - 11. Let v(j) = 5*g(j) - 8*t(j). Calculate v(k).
8
Let i(c) be the first derivative of c**4/6 + 5*c**3/6 - 33*c**2 + 52. Let p(f) be the second derivative of i(f). Determine p(-6).
-19
Let o(w) be the first derivative of -11*w - 60 + 1/2*w**2. Suppose -d + 12 = d. Determine o(d).
-5
Suppose 3*t - 7*t = -4. Let g(h) = 1 - 2*h + 1 - 140*h**3 + 2*h**2 - t + 166*h**3. What is g(1)?
27
Suppose -2*q = -3*j + 24, 3*q - 29*j = -25*j - 34. Let f(i) = 5*i**2 + i - 8 + 6*i - 4*i**2 + 0*i**2. Give f(q).
-14
Suppose -10*v + v - 3 = -12*v. Let l(b) = 50*b**2 + b + 1. Determine l(v).
52
Let y(g) = 0*g**2 - 3*g - g**2 - g + 2 - g + 4*g. Let d(k) = k**3 + 9*k**2 - 7*k - 9. Let n(f) = d(f) + 3*y(f). What is n(-7)?
18
Let y = 72 - 70. Suppose 0 = -n + 2*i + y, -3*n = 3*i + 6 - 21. Let o(g) = -n*g + 21*g - 13*g + g**2. What is o(-4)?
0
Suppose -42 = -2*v - 44. Let i(r) = -r + 9. What is i(v)?
10
Let v(g) = -3*g**3 - 4*g**2 + 13*g - 2. Let q(c) = -4*c + 4 + 2 + 5*c**3 - 4*c**3 - 5 + 2*c. Let m(s) = -6*q(s) - v(s). Give m(2).
-14
Suppose 4*m = 630 - 138. Let z(v) = 6 - m*v + 124*v - 5. Calculate z(-4).
-3
Let k(d) = d**3 + 4*d**2 + 2*d - 1. Let f be 5/(-1) - (-4 + 2). Let g be k(f). Let i(z) = 1 - 3 + 3*z - 65*z**2 - 59*z**2 + 188*z**2 - 63*z**2. Give i(g).
8
Let m(s) be the first derivative of s**6/180 - s**4/24 - 2*s**3/3 + 4*s - 19. Let w(a) be the third derivative of m(a). Determine w(1).
1
Let c(x) be the second derivative of -x**5/20 + x**4/6 + x**3/2 - x**2 - 52*x - 4. What is c(-4)?
82
Suppose -246*y + 153*y = -279. Let r(m) be the first derivative of -1/3*m**y + 26 + m**2 + 2*m. Determine r(4).
-6
Let p(b) = -3*b + 16. Let s(u) = -u**2 - 341*u - 2018. Let i be s(-6). Calculate p(i).
40
Let k(p) = -p + 19. Let q(z) = z + 24. Let t be q(-8). Let f be k(t). Let c(a) = -4 - 4*a**3 - 5*a**3 + 5*a**3 - 4*a + f*a**3 + 5*a**2. Calculate c(4).
-4
Let w(g) be the third derivative of -g**5/60 + g**4/24 + 6*g**3 + 4*g**2 - 6*g. Let i(s) be the first derivative of w(s). Calculate i(-6).
13
Let u(s) = s**2 - 7*s + 13. Let x be ((-4)/(1*2))/((-66)/(-495)). Let p(j) = j**3 + 10*j**2 - 77*j - 21. Let n be p(x). Determine u(n).
31
Let t(u) = 478*u**3 - 973*u**3 + 2*u**2 + 7*u - 8*u**2 - 8 + 494*u**3. Give t(-7).
-8
Suppose -2*g + 296*t + 38 = 291*t, -2*g = 3*t - 22. Let j(p) = -p + 35. Determine j(g).
21
Suppose -110 = -10*i, 5*i + 249 - 269 = -5*q. Let k(g) = 5*g + 2*g + 4 + g**2 + 1. Give k(q).
5
Let q(f) = -11*f**3 - f**2 + 17*f - 4. Let w(b) = 3 + 0*b**2 + b**2 + 1 - 2 + 5*b**3 - 13*b + 5*b. Let y(r) = -6*q(r) - 13*w(r). What is y(6)?
-26
Let b(f) = -6*f - 5. Let v(m) = 3*m + 2. Let x(n) = -3*b(n) - 5*v(n). Let g(a) = a**2 - 19*a + 56. Let u be g(14). Let r be (84/147)/(2/u). Calculate x(r).
-7
Let p = 5 + 5. Let d = p - 14. Let h(x) = -x - 9. Let w(f) = f + 7. Let b(y) = 4*h(y) + 5*w(y). Give b(d).
-5
Suppose 8*d = 3*d + 31855. Let w(l) = d*l - 6371*l + 2*l**2 - 1. Calculate w(1).
1
Let s = -1310 + 1308. Let a(o) = -4*o**3 - 3*o**2 + o + 2. Calculate a(s).
20
Let r(o) be the first derivative of -o**2/2 + 6*o - 32. Let p(x) = x - 2. Let q be p(2). Suppose 0 = b - 2*d + 2 - q, -3*d + 3 = 2*b. Calculate r(b).
6
Let n(l) = 173*l**3 + l**2. Let t be n(1). Let y be (7/(-14))/((-3)/t). Let j = -20 + y. Let s(m) = m - 13. What is s(j)?
-4
Let d(s) = 43*s - 91. Let t be ((-20)/1980*-11)/(4/72). Determine d(t).
-5
Let t(s) = -3*s**3 - 7*s**2 + 9*s - 3. Let o(g) = 4*g**3 + 8*g**2 - 11*g + 4. Let f(v) = -5*o(v) - 6*t(v). Determine f(-2).
20
Let s(f) = 2*f + 59. Let d = 19970 + -19970. Calculate s(d).
59
Let k = 8 - 11. Let m(i) = 6*i**3 + 14*i**2 + 9*i + 7. Let c = -17 + 11. Let q(g) = -7*g**3 - 16*g**2 - 10*g - 8. Let r(d) = c*m(d) - 5*q(d). Determine r(k).
1
Let j(p) be the third derivative of 2*p**2 + 48 + 1/30*p**5 + 1/120*p**6 + 0*p + 0*p**4 - 1/6*p**3. Give j(-2).
-1
Let n(i) = 1 - 5 + 2 + i. Let c(f) = -70*f + 554. Let r be c(8). Calculate n(r).
-8
Suppose 11*v + 51*v = -16*v + 234. Let u(w) = 3*w**3 + 7*w + 1. What is u(v)?
103
Suppose -5*s + 16*s = 22. Let z(v) = 2*v**s + 349 - 2*v - 351 - 4*v. Calculate z(5).
18
Let s(b) = -b**2 + 3*b - 1. Suppose -5*f - 11 - 29 = -2*x, 25 = -5*x. Let c(q) = -19*q - 185. Let w be c(f). Give s(w).
-11
Let x(r) = 2*r + 3. Let v = 0 - 0. Let w be x(v). Let b(i) = 16*i - 17*i + 7 - w. Give b(-3).
7
Let u(o) = o - 7. Suppose 6 = 5*i - 11*i. Let j(v) = -5*v**3 - 2*v**2 + 1. Let p be j(i). Suppose p*s + 5 = 37. Calculate u(s).
1
Let b(x) = -x - 11. Suppose -5*a - 48 = 2*w, -7*a = -3*w - 2*a - 72. Let o be 54/w*(1 - 3/(-1)). Let i be b(o). Let r(t) = -t**2 + 2. Determine r(i).
-2
Let t(q) be the first derivative of -11*q**2/2 + 247*q - 311. Let s be t(22). Let x(y) = y**2 - 5*y - 1. Calculate x(s).
-1
Let r be 15*((-2)/7)/((-12)/14). Suppose 3*v - 8 + 13 = u, 19 = -r*v - u. Let n(b) = 4*b**2 - b - 2. Determine n(v).
37
Let x(n) = 42*n**2 + 3*n + 10. Let p(l) = -l**2 + 1. Let i(u) = -68*u**2 - 5*u - 11. Let h(d) = i(d) - 5*p(d). Let k(f) = -5*h(f) - 8*x(f). Calculate k(1).
-20
Let q = -15 + 11. Let a(n) = -2*n + 28. Let z be a(14). Let y(k) = -3 + z*k - 7*k - k + 3*k. Determine y(q).
17
Let p = -58 - -69. Suppose -n = 3*z - 2, 5*z - 5*n = -p + 1. Suppose -5*h - 25 = z, -h - 3 = 3*k + 23. Let t(w) = w**3 + 7*w**2 + w - 4. Determine t(k).
-11
Let y(f) = 716*f - 2889. Let u be y(4). Let m(q) = -q**3 - 22*q**2 + 74*q - 41. What is m(u)?
-16
Let h be 20/(-25)*(-17 - (-472)/16). Let c(z) = 2*z + 19. Let f(o) = -1. Let b(l) = c(l) - 5*f(l). Calculate b(h).
4
Let k(w) = -w**3 + 6*w**2 + 20*w - 32. Let j be (2 - (-8)/(-2))/(7 - 203/28). Give k(j).
0
Let b(y) = 14*y**3 + 12*y**2 - 58*y + 30. Let o(v) = 5*v**3 + 5*v**2 - 20*v + 10. Let g(w) = -6*b(w) + 17*o(w). Calculate g(-12).
38
Let l(w) be the first derivative of -5*w**2/2 - 62*w + 3535. Determine l(-8).
-22
Let r(j) = 6*j**2 + 135*j - 72. Let p be r(-23). Let v(y) = -22*y + 13. Determine v(p).
79
Let w(n) = 3*n**2 - 21*n + 9. Let r(z) = 4*z**2 - 31*z + 14. Suppose 2*p + 9 = 2*q + p, -5*q = 5*p - 30. Let j(c) = q*r(c) - 7*w(c). What is j(-7)?
14
Let z(k) = -k + 8. Let r(o) = 3*o - 23. Let g be 2/((4/(-16) + 0)*-2). Let p(h) = g*r(h) + 11*z(h). What is p(5)?
1
Let w(b) = -b + 1. Let a(j) = -j**2 - 5*j + 3. Let g(c) = -a(c) + 4*w(c). Let x = -30 - 57. Let h = x - -86. What is g(h)?
1
Suppose -3*q + 12*q = 27. Let s(k) = -5 - q + 3 + 3*k. Let g be s(2). Let h(i) = -8*i**2 + 2*i - 1. Give h(g).
-7
Let d(a) = -a**2 + 20*a - 93. Let t = -5257 - -5269. What is d(t)?
3
Let h(v) be the third derivative of -79*v**2 + 0 - 5/24*v**4 - v**3 + 0*v. Give h(-4).
14
Let g(c) = 40*c - 15. Let u(f) = 46*f - 17. Let x(m) = -9*g(m) + 8*u(m). Calculate x(-3).
-25
Let r(p) = p**3 - 4*p**2 - 7*p - 1. Let a be (-3)/12 - (-7)/(-4). Let k be (-1)/(a/(-30)*-3). Calculate r(k).
-11
Suppose 119 = -7*p - 58 - 47. Let q(v) = v**3 + 30*v**2 - 62*v + 70. Calculate q(p).
6
Let q(z) = 315*z + 7. Let l(w) = w**2 - 177*w - 4. Let i(t) = 7*l(t) + 4*q(t). Determine i(-3).
0
Let u(l) be the third derivative of -l**5/60 + 5*l**4/6 - 2*l**3 + 6*l**2. Let q = 9912 - 9893. What is u(q)?
7
Let j(z) be the second derivative of -z**3/6 + 53*z**2/2 + 5*z + 994. Calculate j(48).
5
Let q(m) be the third derivative of -m**6/120 + m**5/20 + 5*m**4/12 - 4*m**3/3 - 5*m**2 + 2*m - 24. Determine q(5).
-8
Let p = -28 + 35. Suppose 0 = -l + p*l. Let h(n) = -3 - n + n - n + l*n. Give h(-6).
3
Let n(s) = 7*s**2 + 16*s - 96. Let x be n(3). Let o(u) = -11*u + 153. What is o(x)?
-12
Let s(t) = 796*t - 102. Let f be s(9). Let c(i) = 1 - f*i + 7053*i - 3 - i**2. Give c(-9).
-2
Suppose 22*j + 2448 = -2*j - 27*j. Let k(m) = m**2 + 54*m + 288. Determine k(j).
0
Let f = 433 + -102. Let z(i) = f - 162 - 168 - 6*i. Calculate z(1).
-5
Let k(d) = 71*d**2 + 32*d + 22. Let g(p) = 130*p**2 + 57*p + 43. Let t(u) = 6*g(u) - 11*k(u). Let q(z) = 2*z - 2. Let f be q(-5). What is t(f)?
-8
Let t = 575 + -572. Let p(x) = -4*x**2 - 7*x - 9*x + 560 - 575 + t*x + 3*x**2. Give p(-12).
-3
Let d(o) be the second derivative of o**5/20 + o**4/4 - 2*o**3/3 + 5*o**2/2 + 2*o + 1458. Calculate d(-4).
5
Let y(v) = v**2 - 1. Let a(c) = -4*c**2 + 5*c + 18. Let m(b) = 3*b**2 - 4*b - 15. Let d(w) = -5*a(w)